{"id":44,"date":"2023-08-26T04:34:54","date_gmt":"2023-08-26T04:34:54","guid":{"rendered":"https:\/\/coach.brandan.ch\/?page_id=44"},"modified":"2025-07-01T06:37:29","modified_gmt":"2025-07-01T06:37:29","slug":"workshops","status":"publish","type":"page","link":"https:\/\/coach.brandan.ch\/?page_id=44","title":{"rendered":"workshops"},"content":{"rendered":"<h1>Workshops<\/h1>\n<p>&nbsp;<\/p>\n<p>Aus der Wissenbibliothek habe sich viele kleinere Workshops ergeben. die in unregelm\u00e4ssigen Abst\u00e4nden stattfinden. Sie basieren auf dem Wissen des Kristall-Herzens und sind eine gute Gelegenheit, um die Wirkung zu sp\u00fcren. In jedem Workshop wird erl\u00e4utert und erkl\u00e4rt, wie man f\u00fcr sich selbst Blockaden l\u00f6sen und f\u00fcr sich selbst unterst\u00fctzend anwenden kann.<\/p>\n<p>&nbsp;<\/p>\n<p>Die Workshops findes nach individueller Vereinbarung statt.<\/p>\n","protected":false},"excerpt":{"rendered":"<p>Workshops &nbsp; Aus der Wissenbibliothek habe sich viele kleinere Workshops ergeben. die in unregelm\u00e4ssigen Abst\u00e4nden stattfinden. Sie basieren auf dem Wissen des Kristall-Herzens und sind eine gute Gelegenheit, um die Wirkung zu sp\u00fcren. In jedem Workshop wird erl\u00e4utert und erkl\u00e4rt, wie man f\u00fcr sich selbst Blockaden l\u00f6sen und f\u00fcr sich&#8230;<\/p>\n<p class=\"continue-reading-button\"> <a class=\"continue-reading-link\" href=\"https:\/\/coach.brandan.ch\/?page_id=44\">Continue reading<i class=\"crycon-right-dir\"><\/i><\/a><\/p>\n","protected":false},"author":1,"featured_media":0,"parent":0,"menu_order":0,"comment_status":"closed","ping_status":"closed","template":"templates\/template-twocolumns-left.php","meta":{"footnotes":""},"class_list":["post-44","page","type-page","status-publish","hentry"],"_links":{"self":[{"href":"https:\/\/coach.brandan.ch\/index.php?rest_route=\/wp\/v2\/pages\/44","targetHints":{"allow":["GET"]}}],"collection":[{"href":"https:\/\/coach.brandan.ch\/index.php?rest_route=\/wp\/v2\/pages"}],"about":[{"href":"https:\/\/coach.brandan.ch\/index.php?rest_route=\/wp\/v2\/types\/page"}],"author":[{"embeddable":true,"href":"https:\/\/coach.brandan.ch\/index.php?rest_route=\/wp\/v2\/users\/1"}],"replies":[{"embeddable":true,"href":"https:\/\/coach.brandan.ch\/index.php?rest_route=%2Fwp%2Fv2%2Fcomments&post=44"}],"version-history":[{"count":10,"href":"https:\/\/coach.brandan.ch\/index.php?rest_route=\/wp\/v2\/pages\/44\/revisions"}],"predecessor-version":[{"id":228,"href":"https:\/\/coach.brandan.ch\/index.php?rest_route=\/wp\/v2\/pages\/44\/revisions\/228"}],"wp:attachment":[{"href":"https:\/\/coach.brandan.ch\/index.php?rest_route=%2Fwp%2Fv2%2Fmedia&parent=44"}],"curies":[{"name":"wp","href":"https:\/\/api.w.org\/{rel}","templated":true}]}}