{"id":175,"date":"2025-03-14T07:22:38","date_gmt":"2025-03-14T07:22:38","guid":{"rendered":"https:\/\/coach.brandan.ch\/?page_id=175"},"modified":"2025-03-14T07:22:38","modified_gmt":"2025-03-14T07:22:38","slug":"newsletter","status":"publish","type":"page","link":"https:\/\/coach.brandan.ch\/?page_id=175","title":{"rendered":"Newsletter"},"content":{"rendered":"<h1>Newsletter \/ Kennen lernen<\/h1>\n<p>&nbsp;<\/p>\n<h4>Kennen lernen<\/h4>\n<p>M\u00f6chtest du gei einem Treffen gerne pers\u00f6nlich weitere informationen oder mich pers\u00f6nlich kennen lernen.<\/p>\n<p>Ruf mich doch einfach auf +41 (0)79 270 15 30 an oder Schreibe mir einfach eine Mail mit Wunschterminen und ich werde Dir so schnell wie m\u00f6glich antworten.<\/p>\n<p>&nbsp;<\/p>\n<h4>Newsletter<\/h4>\n<p>M\u00f6chtest Du in unregelm\u00e4ssigen Abst\u00e4nden \u00fcber Neuigkeiten informiert werden ?<\/p>\n<p>Schreibe mir doch einfach eine Mail oder <a href=\"https:\/\/brandan.ch\/wordpress\/?page_id=1173\" target=\"_blank\" rel=\"noopener\">melde Dich auf meiner Hauptseite f\u00fcr den Newsletter an.<\/a><\/p>\n","protected":false},"excerpt":{"rendered":"<p>Newsletter \/ Kennen lernen &nbsp; Kennen lernen M\u00f6chtest du gei einem Treffen gerne pers\u00f6nlich weitere informationen oder mich pers\u00f6nlich kennen lernen. Ruf mich doch einfach auf +41 (0)79 270 15 30 an oder Schreibe mir einfach eine Mail mit Wunschterminen und ich werde Dir so schnell wie m\u00f6glich antworten. &nbsp;&#8230;<\/p>\n<p class=\"continue-reading-button\"> <a class=\"continue-reading-link\" href=\"https:\/\/coach.brandan.ch\/?page_id=175\">Continue reading<i class=\"crycon-right-dir\"><\/i><\/a><\/p>\n","protected":false},"author":1,"featured_media":0,"parent":0,"menu_order":0,"comment_status":"closed","ping_status":"closed","template":"","meta":{"footnotes":""},"class_list":["post-175","page","type-page","status-publish","hentry"],"_links":{"self":[{"href":"https:\/\/coach.brandan.ch\/index.php?rest_route=\/wp\/v2\/pages\/175","targetHints":{"allow":["GET"]}}],"collection":[{"href":"https:\/\/coach.brandan.ch\/index.php?rest_route=\/wp\/v2\/pages"}],"about":[{"href":"https:\/\/coach.brandan.ch\/index.php?rest_route=\/wp\/v2\/types\/page"}],"author":[{"embeddable":true,"href":"https:\/\/coach.brandan.ch\/index.php?rest_route=\/wp\/v2\/users\/1"}],"replies":[{"embeddable":true,"href":"https:\/\/coach.brandan.ch\/index.php?rest_route=%2Fwp%2Fv2%2Fcomments&post=175"}],"version-history":[{"count":1,"href":"https:\/\/coach.brandan.ch\/index.php?rest_route=\/wp\/v2\/pages\/175\/revisions"}],"predecessor-version":[{"id":176,"href":"https:\/\/coach.brandan.ch\/index.php?rest_route=\/wp\/v2\/pages\/175\/revisions\/176"}],"wp:attachment":[{"href":"https:\/\/coach.brandan.ch\/index.php?rest_route=%2Fwp%2Fv2%2Fmedia&parent=175"}],"curies":[{"name":"wp","href":"https:\/\/api.w.org\/{rel}","templated":true}]}}